+ 759. Suppose -a = -u*p + 4*p. Is p prime?
False
Let y = 4271 + -2746. Let v be (-5556)/9 - (3 - (-35)/(-15)). Let m = v + y. Is m prime?
True
Suppose 2967188 = 3*p - 2*x - 1062503, 0 = 4*p + x - 5372936. Is p a prime number?
True
Suppose -85984 = -17*k - 10*k + 48449. Is k a prime number?
False
Suppose 4*y + 3*q = 5*y - 15, 0 = -5*y + 5*q + 35. Suppose 2*r + 727 = b, y*b - 3*r - 742 = 1427. Is b a composite number?
False
Suppose 14 = -w + 19. Let s(x) = 1717*x - 56. Is s(w) a prime number?
False
Let g = 1292 - -1869. Suppose 2*u = x - g, 13 - 16 = -3*u. Is x composite?
False
Suppose -81*p + 302221 = -79*p - 3*n, 5*p - 755675 = -10*n. Is p a composite number?
False
Let o(u) = -69421*u + 118. Is o(-1) prime?
True
Suppose 132*q - 134*q + 10 = 0. Is (-73159 + -6)*q/(-25) a prime number?
True
Suppose -8 - 6 = -a - z, 79 = 5*a - 4*z. Let k be (-17)/(-2) + a/(-10). Suppose 8*u = k*u + 341. Is u prime?
False
Suppose 6*q - 27*q = -84. Suppose -5*d + 6965 = 3*j - 4*d, q*j = 5*d + 9274. Is j a prime number?
False
Let f(s) = s**2 - s + 1. Let r be f(0). Let b be (-18 - -15)/(4 - r). Is b - (-528 - -3) - 3 a composite number?
False
Let c(d) = d**3 + 25*d**2 + 45*d - 23. Let l be c(-23). Suppose -25*a + 24*a - 1 = l. Is 677 + 1 + (0 + a)*-1 a prime number?
False
Let v = 2386 + 3099. Suppose 1871 = 12*s - v. Is s a prime number?
True
Suppose 5*t - 12 = -t. Suppose -t = 2*m, -2*m = 8*o - 7*o - 4269. Is o composite?
False
Let b(r) = -40*r**3 - 2*r**2 + 2*r + 6. Let c be b(-3). Suppose 4*a - 1163 = 3*t + 961, 2*a - t - c = 0. Let w = 1580 + a. Is w a prime number?
True
Let w(i) = -50852*i - 111. Is w(-1) prime?
True
Suppose -3*p + 4*p = -3*r + 7, 2*r = 5*p + 16. Let y be (0/4 - p) + 8. Suppose y*k - 3*k = 5747. Is k prime?
True
Let q(b) = -88*b - 121. Let p be q(-13). Suppose 1027*c - p*c - 73588 = 0. Is c a prime number?
True
Let c(z) be the second derivative of 206*z**3/3 + 11*z**2/2 + 76*z. Is c(14) a prime number?
True
Let i be (6/4)/((-6)/(-24)). Suppose 10*v - i*v = 196. Is v composite?
True
Suppose -6*x + 145 = -281. Let k = x + 1902. Is k a composite number?
False
Suppose 2*g = 2*o + 1138, -g - o + 553 = -6*o. Is (-7)/(-3*(1 - 572/g)) composite?
True
Let v(l) = -l**3 - 3*l**2 - 3*l - 8. Let c be v(-3). Suppose -5*w = -c - 9. Suppose 8406 = w*d - 4*s, -3*s + 22720 = 5*d + 1744. Is d a prime number?
False
Let k be 1686 - (40/(-25))/(2/5). Suppose -4 = -u + 3*u. Is -1*(-4 - u) - (1 - k) composite?
True
Let v(p) = -p - 2. Let g be v(-3). Let j(o) be the first derivative of 4109*o**3/3 + o**2/2 - o - 3356. Is j(g) prime?
False
Let g = -348 + 245. Let d = -995 + 1183. Let f = g + d. Is f composite?
True
Suppose 4*z - 46 = -2*p, 0 = -3*p + 15. Suppose -2*a = z*a - 91157. Is a a composite number?
False
Suppose 19 = 4*l + j + 2, 5*l - j - 28 = 0. Suppose 0 = -7*p + 7548 - 2340. Suppose -3069 = -l*v - 2*q, 2*v = -2*q + p + 486. Is v prime?
True
Suppose 3*y - 722290 = 2*l + 336023, 0 = y - 3*l - 352778. Is y a composite number?
True
Suppose -14*f + 46220 + 194006 = 0. Is f a composite number?
False
Let m(z) be the first derivative of 8*z**3/3 + 9*z**2/2 - 90*z + 18. Is m(13) a prime number?
False
Suppose 3*c + 2*a + 1 = 0, -5*c = 2*a - 3*a + 6. Is 30/(-5 + c) - -7522 a prime number?
True
Let x = -499300 - -1106771. Is x a composite number?
False
Let j be 4 + -23393 - -2 - (-3 - 0). Let n = -7617 - j. Is n a prime number?
True
Let q(y) = 21 + 43*y**2 + 39*y**2 + 8*y - 2*y**2. Is q(-8) a prime number?
True
Let i = -357 + 354. Is 6982*i/24*-4 prime?
True
Suppose 710811 = 65*o - 61*o - z, 5*z - 355367 = -2*o. Is o a composite number?
True
Suppose -76*v + 1008297 = -1101559 - 888648. Is v a prime number?
False
Let l(p) be the second derivative of p**4/12 - 13*p**3/6 + 4781*p**2/2 - 4*p + 18. Is l(0) a prime number?
False
Let a = -4060 + 67857. Is a composite?
True
Suppose -3*k - 2*s + 729016 = -7759, -14 = -2*s. Is k composite?
False
Let d(f) = -6*f**2 + 49*f - 7. Let w be d(21). Let u = 11030 + w. Is u composite?
True
Suppose 30*j = 36085099 - 4118389. Is j composite?
False
Let q(w) = 29*w**3 - 3*w + 1. Let u be q(-3). Let k be 10/(-3)*-212*3. Let v = k + u. Is v a prime number?
False
Let d(r) = 27*r**3 - 16*r**2 + 56*r - 97. Is d(18) a composite number?
False
Let g = 121 + -119. Suppose g*r - 3*r + 4613 = 0. Is r composite?
True
Let m = -320 - -337. Suppose -s - m*s + 32418 = 0. Is s a composite number?
False
Let p be (-42897)/15 + (288/(-40))/(-9). Let l = 6800 + p. Is l prime?
False
Suppose -b = -0 - 4. Suppose -54*y - 13508 = -56*y. Is 5 + y/b + (-2)/4 a composite number?
False
Let p be 4/(24/(-14))*-3 - -2. Is (-2)/12 - p/((-324)/45834) a prime number?
False
Let u = 804 - -61105. Is u prime?
True
Let f(u) = 2834*u + 2571. Is f(7) a composite number?
False
Let m(d) = 176*d**2 + d + 7. Let w(r) = r**3 - 5*r**2 - 5*r - 10. Let a be w(6). Is m(a) prime?
True
Let z = 566041 - 355374. Is z prime?
False
Suppose -5*t + 6 = l, 4*l - 22 = 4*t + 2. Suppose 3*u = 5*x - 8658, -3*x - l*u = -7*u - 5194. Is x composite?
True
Suppose 5*v = -30, 23*v = 4*z + 20*v - 18502. Is z composite?
False
Is 1931559/17 - (-74)/(-629) composite?
False
Let f = -277 - -277. Let a(j) = j + 4443. Is a(f) prime?
False
Suppose -11*j = -10*j + 4, 4*j = -h - 4881. Let z = -306 - h. Suppose 914 = w - 3*y, 8*w - 3*w - z = 4*y. Is w a composite number?
False
Let n = 242189 + -117587. Is 2/(n/24918 - 5) a prime number?
True
Let u = 304 - -622. Suppose 7*r + u - 12518 = 0. Let t = -677 + r. Is t a prime number?
False
Suppose -4*b + 1312915 = 3*r, r + 7*b - 437664 = 2*b. Is r a prime number?
True
Let j(n) be the second derivative of 109*n**7/210 + n**5/120 + n**4/24 + 3*n**3 + 14*n. Let l(o) be the second derivative of j(o). Is l(2) composite?
False
Let h = 103905 - 69694. Is h prime?
True
Let u = 72 + -153. Let c = u - -85. Suppose 448 = c*s + 2*w - 14, 0 = -2*s - 3*w + 241. Is s prime?
True
Let g be -3*(12/3 - 3) + -2. Let j = g - -10. Suppose s = -s - j*h + 360, s - 181 = -2*h. Is s a prime number?
False
Let s be (-5)/(-3) + -1 - (-1034)/(-282). Is 558/3 - s - 4 - 4 composite?
False
Let v be 17*1/(-6) + 4/(-24). Let m be v/9 + 48/(-18). Let f(o) = 261*o**2 - 3*o + 3. Is f(m) prime?
False
Let n(i) = -3736*i + 649. Is n(-12) composite?
False
Let k = -186 - -147. Let j = k - -485. Is j composite?
True
Let z = -144 + 141. Is (-7268)/8*1*(1 + z) prime?
False
Let s = -15424 + 10872. Let i = s + 13931. Is i a prime number?
False
Suppose 16*b = 3*b - 23335. Let h = -641 - b. Is h a composite number?
True
Let p(l) be the third derivative of 0*l - l**2 - 7/6*l**3 + 0 - 85/6*l**4. Is p(-2) a composite number?
False
Let x be (99/2)/(4/40). Suppose 0 = 161*q - 157*q - 516. Suppose q - 377 = -s - d, d - x = -2*s. Is s a prime number?
False
Let h(b) = -78*b**3 - 32*b**2 - 73*b - 95. Is h(-12) a prime number?
True
Let p = 210 + -209. Let i(n) = 552*n**2 - 10*n - 1. Is i(p) a prime number?
True
Suppose 44*l + 5203685 = 127*l. Is l a prime number?
False
Suppose p - 30 = -4. Let z be (-197)/(-5) + 6 - 2/5. Let u = p + z. Is u prime?
True
Let b(d) = 25*d**3 - 2*d**2 + 21*d + 7. Is b(6) composite?
True
Suppose m = 2*m + 7*m - 1500776. Is m prime?
True
Is (3226/(-4))/(27650/9220 - 3) prime?
False
Let d be (1197/(-4))/(48/(-1408)). Let j = -212 + d. Is j a prime number?
False
Let k(q) = 15*q**2 + 8*q - 7. Let l be k(-8). Let f = -492 + l. Is f a prime number?
True
Is 13996 + 9/21 + 24/42 a composite number?
False
Is 351 + -361 + (-4662)/(-2) a composite number?
True
Let h = -143725 - -73625. Is 6 + h/(-4 + 0) prime?
False
Let y = 48028 - 20575. Suppose 13*h = 2694 + y. Is h composite?
True
Suppose -6*s + 159305 = 26711. Suppose 8*i - s = -3483. Is i composite?
True
Let u(b) = -16819*b + 1374. Is u(-23) composite?
False
Suppose w + 1037 = 5*x + 10015, 4*w + 2*x = 35802. Suppose -26820 = -3*g + j, -g + w = -0*g + 4*j. Is g prime?
True
Let b = -12962 + 14941. Is b a composite number?
False
Suppose 4*a - m - 10 = 1, 0 = 5*a - 3*m - 5. Suppose -4*z + z = -a*s + 25888, z = -4*s + 25872. Is s composite?
False
Is 28/(-91) + 2833785633/897 prime?
True
Let i(l) = l. Let q(x) = 19*x**2 + 65*x + 3. Let n(y) = 28*y**2 + 97*y + 5. Let s(c) = 5*n(c) - 7*q(c). Let o(h) = -6*i(h) + s(h). Is o(-11) a composite number?
False
Let z(q) = 7*